n 1147566 is divided by 71?
64
What is the remainder when 13979595 is divided by 106?
103
Calculate the remainder when 24167680 is divided by 3414.
3388
Calculate the remainder when 29036895 is divided by 99.
96
Calculate the remainder when 2167810 is divided by 1517.
17
What is the remainder when 2314874 is divided by 110?
34
What is the remainder when 4454110 is divided by 556762?
14
What is the remainder when 25340 is divided by 109?
52
Calculate the remainder when 172204 is divided by 45.
34
Calculate the remainder when 56931649 is divided by 228.
49
Calculate the remainder when 3110382 is divided by 75.
57
Calculate the remainder when 397785 is divided by 56818.
59
Calculate the remainder when 2493595 is divided by 1246796.
3
Calculate the remainder when 124718 is divided by 124614.
104
Calculate the remainder when 74118 is divided by 10310.
1948
What is the remainder when 4220564 is divided by 67?
33
What is the remainder when 847353 is divided by 1466?
5
Calculate the remainder when 367160 is divided by 800.
760
Calculate the remainder when 269209 is divided by 15.
4
Calculate the remainder when 155757 is divided by 991.
170
Calculate the remainder when 19654510 is divided by 5063.
5007
Calculate the remainder when 17046745 is divided by 4261681.
21
Calculate the remainder when 7096072 is divided by 162.
148
What is the remainder when 556510 is divided by 32?
30
What is the remainder when 23355414 is divided by 1815?
1809
Calculate the remainder when 151945 is divided by 20709.
6982
Calculate the remainder when 1683248 is divided by 1056.
1040
Calculate the remainder when 3873395 is divided by 181.
176
What is the remainder when 410025 is divided by 4019?
87
What is the remainder when 16477 is divided by 341?
109
Calculate the remainder when 716083 is divided by 716077.
6
What is the remainder when 7869426 is divided by 967?
947
What is the remainder when 143645 is divided by 921?
890
Calculate the remainder when 16733668 is divided by 59.
29
What is the remainder when 7257031 is divided by 57?
19
What is the remainder when 1198898 is divided by 133136?
674
Calculate the remainder when 46770 is divided by 709.
685
Calculate the remainder when 12146170 is divided by 79.
78
What is the remainder when 1929149 is divided by 128605?
74
What is the remainder when 713525 is divided by 365?
315
What is the remainder when 37589 is divided by 3730?
289
Calculate the remainder when 169729 is divided by 2496.
1
What is the remainder when 4827268 is divided by 36849?
49
Calculate the remainder when 137674919 is divided by 2809692.
11
What is the remainder when 51625 is divided by 7200?
1225
What is the remainder when 170552447 is divided by 28425407?
5
What is the remainder when 107098 is divided by 900?
898
Calculate the remainder when 12138228 is divided by 1663.
1654
What is the remainder when 1610155 is divided by 2631?
2614
Calculate the remainder when 11509495 is divided by 182.
179
Calculate the remainder when 25067 is divided by 3690.
2927
Calculate the remainder when 4200851 is divided by 168.
11
What is the remainder when 1087200 is divided by 180482?
4308
What is the remainder when 131223 is divided by 65445?
333
Calculate the remainder when 9034 is divided by 1285.
39
Calculate the remainder when 147117997 is divided by 80.
77
What is the remainder when 226754 is divided by 44045?
6529
Calculate the remainder when 1520102 is divided by 506614.
260
Calculate the remainder when 11222253 is divided by 143.
42
Calculate the remainder when 112366 is divided by 514.
314
Calculate the remainder when 95285 is divided by 31753.
26
What is the remainder when 53534326 is divided by 83?
73
Calculate the remainder when 1840867 is divided by 368169.
22
What is the remainder when 12220104 is divided by 51?
45
Calculate the remainder when 18341 is divided by 4383.
809
Calculate the remainder when 136834 is divided by 34200.
34
Calculate the remainder when 23118205 is divided by 2101652.
33
What is the remainder when 405086300 is divided by 1214?
1208
What is the remainder when 5429699 is divided by 544?
35
Calculate the remainder when 1795451 is divided by 176.
75
Calculate the remainder when 6079 is divided by 207.
76
What is the remainder when 1861446 is divided by 182?
132
Calculate the remainder when 13377168 is divided by 10500.
168
Calculate the remainder when 22326885 is divided by 5891.
5886
What is the remainder when 10123 is divided by 909?
124
Calculate the remainder when 7467 is divided by 1251.
1212
What is the remainder when 4531303 is divided by 45313?
3
Calculate the remainder when 5616 is divided by 4616.
1000
What is the remainder when 222637 is divided by 11525?
3662
Calculate the remainder when 14978 is divided by 2140.
2138
What is the remainder when 217145563 is divided by 65?
63
What is the remainder when 7752700 is divided by 6649?
6615
Calculate the remainder when 93706162 is divided by 32.
18
Calculate the remainder when 8524243 is divided by 1956.
1951
Calculate the remainder when 968109508 is divided by 10.
8
What is the remainder when 1023559 is divided by 4674?
4627
What is the remainder when 7247339 is divided by 1811826?
35
What is the remainder when 661358 is divided by 661254?
104
Calculate the remainder when 4848823 is divided by 484881.
13
What is the remainder when 64085530 is divided by 21?
19
Calculate the remainder when 1546295 is divided by 736.
695
Calculate the remainder when 494700 is divided by 268.
240
Calculate the remainder when 17917530 is divided by 16714.
122
Calculate the remainder when 30519 is divided by 226.
9
Calculate the remainder when 7712788 is divided by 175.
13
Calculate the remainder when 182582 is divided by 91156.
270
What is the remainder when 49794831 is divided by 1244?
1243
What is the remainder when 4251 is divided by 2399?
1852
Calculate the remainder when 57528 is divided by 1742.
42
What is the remainder when 219173 is divided by 519?
155
Calculate the remainder when 92225 is divided by 46005.
215
Calculate the remainder when 262515 is divided by 65345.
1135
What is the remainder when 1681869 is divided by 37?
34
What is the remainder when 3667809 is divided by 35?
19
What is the remainder when 9503272 is divided by 588?
16
What is the remainder when 63033333 is divided by 456?
453
What is the remainder when 111376923 is divided by 275?
273
Calculate the remainder when 3183427 is divided by 267.
253
What is the remainder when 23794520 is divided by 63?
50
Calculate the remainder when 745011 is divided by 177.
18
What is the remainder when 2062918 is divided by 2608?
2598
Calculate the remainder when 5000800 is divided by 1260.
1120
Calculate the remainder when 160317420 is divided by 203.
200
Calculate the remainder when 72477 is divided by 1462.
839
Calculate the remainder when 71622 is divided by 18.
0
What is the remainder when 2298900 is divided by 32?
20
What is the remainder when 1528900 is divided by 138930?
670
What is the remainder when 5897520 is divided by 1571?
1557
Calculate the remainder when 18753 is divided by 869.
504
Calculate the remainder when 529911918 is divided by 80.
78
What is the remainder when 3225036 is divided by 182?
178
What is the remainder when 213269122 is divided by 5469?
5467
What is the remainder when 599668 is divided by 85659?
55
Calculate the remainder when 234302 is divided by 194.
144
Calculate the remainder when 47442 is divided by 41592.
5850
Calculate the remainder when 339387809 is divided by 71.
70
Calculate the remainder when 210503 is divided by 294.
293
Calculate the remainder when 18359145 is divided by 3746.
3745
Calculate the remainder when 2465701 is divided by 1142.
123
What is the remainder when 6701 is divided by 1123?
1086
What is the remainder when 293558113 is divided by 2823?
2812
Calculate the remainder when 11628675 is divided by 5814262.
151
What is the remainder when 41624 is divided by 69?
17
What is the remainder when 568185 is divided by 18328?
17
Calculate the remainder when 897436 is divided by 299121.
73
What is the remainder when 1677902 is divided by 62?
58
What is the remainder when 15105714 is divided by 33?
30
What is the remainder when 11998367 is divided by 999863?
11
Calculate the remainder when 549